 is -4e041 (base 16) in base 3?
-121020100022
Convert -171899 (base 11) to base 16.
-40ed9
Convert -982c1 (base 13) to base 14.
-72396
What is 24525 (base 9) in base 4?
10001102
What is 2404542 (base 6) in base 9?
211118
What is -627a3 (base 11) in base 6?
-1543244
What is 1140344 (base 7) in base 4?
203031233
Convert -ad2751 (base 14) to base 16.
-59caa3
-2020401 (base 6) to base 7
-550012
What is 12205411 (base 6) in base 10?
390031
4c7fe3 (base 16) to base 12
1819397
-32323103002 (base 4) to base 3
-21100210111011
-2eced (base 15) to base 9
-250637
Convert 99c290 (base 13) to base 2.
1101110101001000100001
Convert -220100111022 (base 3) to base 5.
-110314222
Convert -5403201 (base 6) to base 13.
-93889
What is a0b85 (base 12) in base 16?
33095
What is -22589a3 (base 11) in base 4?
-33010123013
What is 10000010001101001100110 (base 2) in base 7?
51160030
Convert -503662 (base 7) to base 5.
-10213102
-4a19b3 (base 13) to base 2
-110110001010000110110
242557 (base 9) to base 5
14140012
What is 10110776 (base 8) in base 4?
20021013332
Convert -77676 (base 12) to base 5.
-20030302
Convert -10011000101000010101111 (base 2) to base 5.
-2240021031
Convert -236882 (base 9) to base 12.
-6a825
4509004 (base 10) to base 16
44cd4c
What is 8515a (base 13) in base 10?
239717
-157565 (base 8) to base 14
-16bc1
What is -5012232 (base 6) in base 11?
-1506a8
Convert 13049 (base 16) to base 2.
10011000001001001
What is -32566 (base 13) in base 2?
-10110001101111110
Convert -44814 (base 14) to base 3.
-22110000112
What is -22925 (base 12) in base 5?
-2440003
-10762 (base 12) to base 15
-66e8
1ef084 (base 16) to base 13
55cbc3
101100001011111110 (base 2) to base 8
541376
What is 2151572 (base 9) in base 12?
478b3b
What is 368071 (base 13) in base 15?
1ab0ad
58a455 (base 16) to base 8
26122125
3111302 (base 6) to base 10
149366
Convert -110001110011100011000 (base 2) to base 8.
-6163430
Convert -130202102 (base 4) to base 14.
-3084a
Convert -731255 (base 8) to base 13.
-86403
10022121101000 (base 3) to base 9
3277330
-1221212022 (base 3) to base 14
-10089
-114607 (base 8) to base 12
-1a8b3
Convert 110010010200000 (base 3) to base 4.
120210001212
-110022002200120 (base 3) to base 4
-120323320023
What is 1dea4 (base 15) in base 9?
158141
What is -5505 (base 11) in base 5?
-213030
a86766 (base 16) to base 2
101010000110011101100110
Convert 625574 (base 15) to base 16.
475819
Convert 110010100100010110 (base 2) to base 15.
41586
What is 156015155 (base 7) in base 16?
a1a167
Convert -1a347dd (base 14) to base 16.
-c6e82f
What is 166151 (base 9) in base 3?
12020011201
b096 (base 12) to base 11
13404
Convert 12323022032 (base 4) to base 11.
102a856
Convert 16327 (base 15) to base 10.
71587
-1844933 (base 11) to base 13
-855503
Convert 1885269 (base 10) to base 2.
111001100010001010101
250142 (base 10) to base 5
31001032
-2103012204 (base 5) to base 11
-24a8249
Convert -6502472 (base 9) to base 16.
-35302a
2a0161 (base 14) to base 13
3c1777
2922597 (base 10) to base 16
2c9865
Convert 18485220 (base 9) to base 3.
122112212020200
What is 1055706 (base 8) in base 11?
185671
55647 (base 13) to base 8
456357
What is -42344430 (base 7) in base 16?
-36cbac
Convert 4461524 (base 8) to base 9.
2236043
Convert -a08 (base 11) to base 8.
-2302
Convert -123130 (base 5) to base 15.
-1645
Convert 186971b (base 12) to base 9.
10560065
Convert -50cb (base 16) to base 12.
-bb77
Convert -2e0fc (base 16) to base 5.
-22014133
What is -516435 (base 7) in base 15?
-1b446
What is 368480 (base 10) in base 7?
3063200
Convert -122631 (base 12) to base 3.
-112222012101
Convert -22a482 (base 13) to base 4.
-3020302330
What is 11020320013 (base 4) in base 14?
270cbd
Convert -130131141 (base 5) to base 2.
-10011001110110011011
Convert -121202031 (base 4) to base 8.
-314215
What is 598c (base 13) in base 14?
4858
Convert 2101201122 (base 4) to base 5.
123033213
Convert -11503400 (base 6) to base 5.
-43210024
6083a (base 12) to base 10
125614
Convert -3505430 (base 8) to base 3.
-1210102102110
What is -2c461 (base 16) in base 7?
-1353463
What is 54b728 (base 14) in base 4?
22331300020
Convert -355241 (base 8) to base 6.
-2334305
Convert 2c89 (base 13) to base 10.
6535
What is 14cbb89 (base 13) in base 9?
13512358
What is -20303323 (base 5) in base 2?
-101000100011001000
Convert 5767709 (base 10) to base 8.
26001035
What is 201011222012 (base 3) in base 9?
634865
-1505771 (base 10) to base 4
-11233213223
15154020 (base 6) to base 9
884673
-303230113 (base 4) to base 13
-754b4
What is 255040 (base 7) in base 8?
134402
-102022203 (base 4) to base 11
-5099a
Convert -1747a65 (base 13) to base 5.
-3413313011
What is -610552 (base 7) in base 6?
-2115141
-1397185 (base 10) to base 9
-2558517
-aab457 (base 15) to base 4
-133002311323
What is 9133 (base 12) in base 5?
1000420
Convert 43858 (base 11) to base 15.
13c93
Convert -af14f (base 16) to base 4.
-2233011033
Convert 10233040 (base 5) to base 4.
111021311
What is -1100101110111011 (base 2) in base 16?
-cbbb
14231571 (base 8) to base 15
43a5cb
Convert 22363 (base 11) to base 12.
168a0
What is 15168803 (base 10) in base 6?
1301041535
Convert 136222 (base 9) to base 12.
40248
What is -442334 (base 12) in base 9?
-2028444
What is 10111011010001010 (base 2) in base 6?
2015522
Convert 10708b (base 15) to base 11.
495418
What is 1364438 (base 10) in base 4?
11031013112
What is -a3a90 (base 11) in base 15?
-2ee42
What is -3436433 (base 7) in base 13?
-120746
-224067 (base 8) to base 3
-10212000120
Convert 4213045 (base 6) to base 2.
110001110101110101
Convert -52a3a (base 12) to base 4.
-122201032
Convert 14425233 (base 6) to base 7.
4155615
3909312 (base 10) to base 11
2230140
What is 1110100010001100111 (base 2) in base 11?
2a5907
6167b (base 16) to base 2
1100001011001111011
What is 20533 (base 7) in base 2?
1001111001111
What is 3645320 (base 7) in base 13?
133a0c
3b0dd (base 15) to base 5
22023313
Convert 27732 (base 10) to base 4.
12301110
e69a62 (base 16) to base 11
8592521
Convert -1022121222 (base 4) to base 8.
-1123152
What is 138d8 (base 16) in base 2?
10011100011011000
-3c9349 (base 16) to base 10
-3969865
8607786 (base 10) to base 13
1a24c85
-11010000011000011010010 (base 2) to base 14
-c9a5d8
-123223420 (base 6) to base 8
-11114304
-18274 (base 16) to base 15
-1e4a7
-302120211311 (base 4) to base 3
-220212000212102
bb3a4 (base 14) to base 6
13415300
-1b127a (base 13) to base 2
-10100111111111100100
What is 20112120010222 (base 3) in base 4?
31100130302
Convert -47b3b (base 13) to base 14.
-35d12
-10121112201022 (base 3) to base 13
-522ba8
Convert 326260 (base 7) to base 8.
160115
-465379 (base 12) to base 13
-306ac2
Convert -1002112222 (base 3) to base 15.
-65b5
Convert -1001001011100010 (base 2) to base 9.
-56520
Convert 85563 (base 11) to base 15.
26d22
What is 6707101 (base 10) in base 9?
13552364
-539624 (base 13) to base 11
-1120894
Convert -1033234 (base 7) to base 13.
-45478
-2571085 (base 10) to base 16
-273b4d
-501646 (base 8) to base 11
-102885
What is -20211000002 (base 3) in base 6?
-2513002
What is 2042200 (base 6) in base 7?
561426
Convert -10437056 (base 9) to base 7.
-60605355
Convert -1020700 (base 8) to base 2.
-1000010000111000000
What is -9c3156 (base 16) in base 13?
-2175267
What is 310233102 (base 4) in base 14?
58a1c
-134177 (base 9) to base 8
-237607
-101101010100100110100 (base 2) to base 9
-2713160
511557 (base 8) to base 2
101001001101101111
What is 20321430 (base 5) in base 13?
5b0b0
2135440 (base 6) to base 15
21719
What is 2639a8 (base 13) in base 10?
922202
Convert 4475958 (base 10) to base 11.
2587943
Convert -4127252 (base 8) to base 3.
-2001112201020
Convert -101000010012 (base 3) to base 12.
-95b58
Convert 1331122 (base 7) to base 8.
527101
1104077 (base 9) to base 10
593476
1212011222 (base 3) to base 9
55158
Convert 20215545 (base 6) to base 10.
578009
-11321443 (base 5) to base 3
-12022111221
What is -36327 (base 16) in base 2?
-110110001100100111
Convert 191366 (base 12) to base 13.
1242ba
Convert -47658a (base 11) to base 3.
-1102101012001
Convert 756134 (base 8) to base 7.
2102445
43a18 (base 16) to base 12
114388
-28c66c3 (base 13) to base 3
-220102111122121
-14875 (base 9) to base 10
-10193
Convert -1407b